{"id":293,"date":"2022-03-30T11:00:23","date_gmt":"2022-03-30T11:00:23","guid":{"rendered":"http:\/\/blueklima.hu\/?page_id=293"},"modified":"2022-03-30T11:00:23","modified_gmt":"2022-03-30T11:00:23","slug":"medencek-futese","status":"publish","type":"page","link":"https:\/\/blueklima.hu\/?page_id=293","title":{"rendered":"Medenc\u00e9k f\u0171t\u00e9se"},"content":{"rendered":"<h1 style=\"text-align: center;\">HAMAROSAN&#8230;<\/h1>\n<p>\u00a0<\/p><div class=\"wp-block-image\"><figure class=\"aligncenter size-full\"><img loading=\"lazy\" decoding=\"async\" width=\"1023\" height=\"682\" src=\"http:\/\/blueklima.hu\/wp-content\/uploads\/2022\/03\/worker.jpg\" alt=\"\" class=\"wp-image-294\" srcset=\"https:\/\/blueklima.hu\/wp-content\/uploads\/2022\/03\/worker.jpg 1023w, https:\/\/blueklima.hu\/wp-content\/uploads\/2022\/03\/worker-300x200.jpg 300w, https:\/\/blueklima.hu\/wp-content\/uploads\/2022\/03\/worker-768x512.jpg 768w, https:\/\/blueklima.hu\/wp-content\/uploads\/2022\/03\/worker-600x400.jpg 600w\" sizes=\"auto, (max-width: 1023px) 100vw, 1023px\" \/><\/figure><\/div>","protected":false},"excerpt":{"rendered":"<p>HAMAROSAN&#8230; \u00a0<\/p>\n","protected":false},"author":1,"featured_media":0,"parent":0,"menu_order":0,"comment_status":"closed","ping_status":"closed","template":"","meta":{"footnotes":""},"class_list":["post-293","page","type-page","status-publish","hentry"],"_links":{"self":[{"href":"https:\/\/blueklima.hu\/index.php?rest_route=\/wp\/v2\/pages\/293","targetHints":{"allow":["GET"]}}],"collection":[{"href":"https:\/\/blueklima.hu\/index.php?rest_route=\/wp\/v2\/pages"}],"about":[{"href":"https:\/\/blueklima.hu\/index.php?rest_route=\/wp\/v2\/types\/page"}],"author":[{"embeddable":true,"href":"https:\/\/blueklima.hu\/index.php?rest_route=\/wp\/v2\/users\/1"}],"replies":[{"embeddable":true,"href":"https:\/\/blueklima.hu\/index.php?rest_route=%2Fwp%2Fv2%2Fcomments&post=293"}],"version-history":[{"count":1,"href":"https:\/\/blueklima.hu\/index.php?rest_route=\/wp\/v2\/pages\/293\/revisions"}],"predecessor-version":[{"id":295,"href":"https:\/\/blueklima.hu\/index.php?rest_route=\/wp\/v2\/pages\/293\/revisions\/295"}],"wp:attachment":[{"href":"https:\/\/blueklima.hu\/index.php?rest_route=%2Fwp%2Fv2%2Fmedia&parent=293"}],"curies":[{"name":"wp","href":"https:\/\/api.w.org\/{rel}","templated":true}]}}