{"id":1295,"date":"2022-04-07T13:04:26","date_gmt":"2022-04-07T13:04:26","guid":{"rendered":"http:\/\/blueklima.hu\/?post_type=product&#038;p=1295"},"modified":"2023-05-17T16:18:10","modified_gmt":"2023-05-17T16:18:10","slug":"fisher-summer-26kw-inverteres-split-klima-fsai-su-95fe3","status":"publish","type":"product","link":"https:\/\/blueklima.hu\/?product=fisher-summer-26kw-inverteres-split-klima-fsai-su-95fe3","title":{"rendered":"Fisher Summer 2,6kW inverteres split kl\u00edma  FSAI-SU-95FE3 (2022)"},"content":{"rendered":"<div class=\"product-fields product-fields-onbot\">\n<div class=\"product-field product-field-id-26 product-field-energia-osztaly product-field-type-G\"><span class=\"product-fields-title-wrapper\"> <span class=\"product-field-title\">Energia oszt\u00e1ly<\/span> <i class=\"fas fa-info-circle\" title=\"\" data-toggle=\"tooltip\" data-placement=\"top\" data-html=\"true\" data-original-title=\"A k\u00e9sz\u00fcl\u00e9keket energiafogyaszt\u00e1suk alapj\u00e1n oszt\u00e1lyokba sorolj\u00e1k, az egyes energiaoszt\u00e1lyokat az ABC bet\u0171ivel jel\u00f6lik. Az A kateg\u00f3ria jel\u00f6li a legjobb hat\u00e9konys\u00e1got, a B kateg\u00f3ria eggyel rosszabb, a C megint eggyel rosszabb \u00e9s \u00edgy tov\u00e1bb. A leg\u00fajabb rendsz\"><\/i> <\/span><\/div>\n<div class=\"product-field product-field-id-125 product-field-sorozat product-field-type-S\"><span class=\"product-fields-title-wrapper\"> <span class=\"product-field-title\">Sorozat<\/span> <\/span> <span class=\"product-field-display\"> Fisher SUMMER sorozat <\/span><\/div>\n<div class=\"product-field product-field-id-14 product-field-inverteres product-field-type-S\"><span class=\"product-fields-title-wrapper\"> <span class=\"product-field-title\">Inverteres<\/span> <\/span> <span class=\"product-field-display\"> Igen <\/span><\/div>\n<div class=\"product-field product-field-id-33 product-field-halozati-aram-v-f-hz product-field-type-S\"><span class=\"product-fields-title-wrapper\"> <span class=\"product-field-title\">H\u00e1l\u00f3zati \u00e1ram (V\/f\/Hz)<\/span> <i class=\"fas fa-info-circle\" title=\"\" data-toggle=\"tooltip\" data-placement=\"top\" data-html=\"true\" data-original-title=\"A berendez\u00e9s m\u0171k\u00f6d\u00e9s\u00e9hez sz\u00fcks\u00e9ges elektromos h\u00e1l\u00f3zatot jel\u00f6li: 230\/1\/50 azt jelenti 230V, 1 f\u00e1zis, 50 Hz; 400\/3\/50 azt jelenti 400V, 3 f\u00e1zis, 50Hz.\"><\/i> <\/span> <span class=\"product-field-display\"> 230\/1\/50 <\/span><\/div>\n<div class=\"product-field product-field-id-38 product-field-javasolt-biztositek-a product-field-type-S\"><span class=\"product-fields-title-wrapper\"> <span class=\"product-field-title\">Javasolt biztos\u00edt\u00e9k (A)<\/span> <\/span> <span class=\"product-field-display\"> C16A <\/span><\/div>\n<div class=\"product-field product-field-id-51 product-field-tomeg-belteri-kulteri-kg product-field-type-S\">\n<p><span class=\"product-fields-title-wrapper\"> <span class=\"product-field-title\">T\u00f6meg (belt\u00e9ri\/k\u00fclt\u00e9ri) (kg)<\/span> <\/span> <span class=\"product-field-display\"> 9.5\/24 <\/span>kg<\/p>\n<\/div>\n<div class=\"product-field product-field-id-62 product-field-nevleges-futoteljesitmeny-a-tervezesi-homersekleten-10-c-kw product-field-type-S\"><span class=\"product-fields-title-wrapper\"> <span class=\"product-field-title\">N\u00e9vleges f\u0171t\u0151teljes\u00edtm\u00e9ny a tervez\u00e9si h\u0151m\u00e9rs\u00e9kleten (-10\u00b0C) (kW)<\/span> <\/span> <span class=\"product-field-display\"> 2 <\/span><\/div>\n<div class=\"product-field product-field-id-63 product-field-szukseges-rasegitofutes-a-tervezesi-homersekleten-10-c-kw product-field-type-S\"><span class=\"product-fields-title-wrapper\"> <span class=\"product-field-title\">Sz\u00fcks\u00e9ges r\u00e1seg\u00edt\u0151f\u0171t\u00e9s a tervez\u00e9si h\u0151m\u00e9rs\u00e9kleten (-10\u00b0C) (kW)<\/span> <\/span> <span class=\"product-field-display\"> 0.1 <\/span><\/div>\n<div class=\"product-field product-field-id-64 product-field-bivalens-homerseklet-c product-field-type-S\"><span class=\"product-fields-title-wrapper\"> <span class=\"product-field-title\">Bivalens h\u0151m\u00e9rs\u00e9klet (\u00b0C)<\/span> <\/span> <span class=\"product-field-display\"> -7 <\/span><\/div>\n<div class=\"product-field product-field-id-17 product-field-uzemeltetesi-hatarok product-field-type-G\"><span class=\"product-fields-title-wrapper\"> <span class=\"product-field-title\">\u00dczemeltet\u00e9si hat\u00e1rok<\/span> <\/span><\/div>\n<div class=\"product-field product-field-id-16 product-field-kulso-hom-hutes-c product-field-type-S\"><span class=\"product-fields-title-wrapper\"> <span class=\"product-field-title\">K\u00fcls\u0151 h\u0151m. H\u0171t\u00e9s (\u00b0C)<\/span> <\/span> <span class=\"product-field-display\"> -15 ~ 53 <\/span><\/div>\n<div class=\"product-field product-field-id-18 product-field-kulso-hom-futes-c product-field-type-S\"><span class=\"product-fields-title-wrapper\"> <span class=\"product-field-title\">K\u00fcls\u0151 h\u0151m. F\u0171t\u00e9s (\u00b0C)<\/span> <\/span> <span class=\"product-field-display\"> -15 ~ 30 <\/span><\/div>\n<div class=\"product-field product-field-id-19 product-field-belso-hom-hutes-c product-field-type-S\"><span class=\"product-fields-title-wrapper\"> <span class=\"product-field-title\">Bels\u0151 h\u0151m. H\u0171t\u00e9s (\u00b0C)<\/span> <\/span> <span class=\"product-field-display\"> 17 &#8211; 32 <\/span><\/div>\n<div class=\"product-field product-field-id-20 product-field-belso-hom-futes-c product-field-type-S\"><span class=\"product-fields-title-wrapper\"> <span class=\"product-field-title\">Bels\u0151 h\u0151m. F\u0171t\u00e9s (\u00b0C)<\/span> <\/span> <span class=\"product-field-display\"> 0 &#8211; 30 <\/span><\/div>\n<div class=\"product-field product-field-id-46 product-field-zajszint-db-a product-field-type-G\">\n<p><span class=\"product-fields-title-wrapper\"> <span class=\"product-field-title\">Zajszint (db(A))<\/span> <\/span>max.\/k\u00f6z\/min.<\/p>\n<\/div>\n<div class=\"product-field product-field-id-44 product-field-belteri-hangnyomasszint-db-a-min-koz-max-v-max product-field-type-S\"><span class=\"product-fields-title-wrapper\"> <span class=\"product-field-title\">Belt\u00e9ri hangnyom\u00e1sszint dB(A) (min.\/k\u00f6z.\/max.) v. (max.)<\/span> <\/span> <span class=\"product-field-display\"> 41\/37\/33\/25\/22 <\/span><\/div>\n<div class=\"product-field product-field-id-100 product-field-belteri-hangteljesitmenyszint-db-a-max product-field-type-S\"><span class=\"product-fields-title-wrapper\"> <span class=\"product-field-title\">Belt\u00e9ri hangteljes\u00edtm\u00e9nyszint dB(A) (max.)<\/span> <\/span> <span class=\"product-field-display\"> 51\/47\/43\/35\/32 <\/span><\/div>\n<div class=\"product-field product-field-id-101 product-field-kulteri-hangteljesitmenyszint-db-a product-field-type-S\"><span class=\"product-fields-title-wrapper\"> <span class=\"product-field-title\">K\u00fclt\u00e9ri hangteljes\u00edtm\u00e9nyszint dB(A)<\/span> <\/span> <span class=\"product-field-display\"> 60 <\/span><\/div>\n<div class=\"product-field product-field-id-120 product-field-csovezes product-field-type-G\"><span class=\"product-fields-title-wrapper\"> <span class=\"product-field-title\">Cs\u00f6vez\u00e9s<\/span> <\/span><\/div>\n<div class=\"product-field product-field-id-121 product-field-max-ossz-csohossz-m product-field-type-S\"><span class=\"product-fields-title-wrapper\"> <span class=\"product-field-title\">Max. \u00f6ssz. cs\u0151hossz (m)<\/span> <\/span> <span class=\"product-field-display\"> 25 <\/span><\/div>\n<div class=\"product-field product-field-id-123 product-field-csomeret-mm product-field-type-S\"><span class=\"product-fields-title-wrapper\"> <span class=\"product-field-title\">Cs\u0151m\u00e9ret (mm)<\/span> <\/span> <span class=\"product-field-display\"> 6.35\/9.53 <\/span><\/div>\n<div class=\"product-field product-field-id-122 product-field-max-szintkulonbseg-m product-field-type-S\"><span class=\"product-fields-title-wrapper\"> <span class=\"product-field-title\">Max. szintk\u00fcl\u00f6nbs\u00e9g (m)<\/span> <\/span> <span class=\"product-field-display\"> 10 <\/span><\/div>\n<div class=\"product-field product-field-id-52 product-field-meret-mm product-field-type-G\">\n<p><span class=\"product-fields-title-wrapper\"> <span class=\"product-field-title\">M\u00e9ret (mm)<\/span> <\/span>(Sz\u00e9l.xMag.xM\u00e9ly.) mm<\/p>\n<\/div>\n<div class=\"product-field product-field-id-273 product-field-talpmeret-mm product-field-type-S\"><span class=\"product-fields-title-wrapper\"> <span class=\"product-field-title\">Talpm\u00e9ret (mm)<\/span> <\/span> <span class=\"product-field-display\"> 415&#215;225 <\/span><\/div>\n<div class=\"product-field product-field-id-53 product-field-belteri-szel-xmag-xmely-mm product-field-type-S\"><span class=\"product-fields-title-wrapper\"> <span class=\"product-field-title\">Belt\u00e9ri (Sz\u00e9l.xMag.xM\u00e9ly.) (mm)<\/span> <\/span> <span class=\"product-field-display\"> 790x275x192 <\/span><\/div>\n<div class=\"product-field product-field-id-54 product-field-kulteri-szel-xmag-xmely-mm product-field-type-S\"><span class=\"product-fields-title-wrapper\"> <span class=\"product-field-title\">K\u00fclt\u00e9ri (Sz\u00e9l.xMag.xM\u00e9ly.) (mm)<\/span> <\/span> <span class=\"product-field-display\"> 777x498x290 <\/span><\/div>\n<div class=\"product-field product-field-id-59 product-field-eves-energia-fogyasztas-kwh-ev product-field-type-G\"><span class=\"product-fields-title-wrapper\"> <span class=\"product-field-title\">\u00c9ves energia fogyaszt\u00e1s ** (kWh\/\u00e9v)<\/span> <\/span><\/div>\n<div class=\"product-field product-field-id-60 product-field-hutes-kwh-ev product-field-type-S\">\n<p><span class=\"product-fields-title-wrapper\"> <span class=\"product-field-title\">H\u0171t\u00e9s (kWh\/\u00e9v)<\/span> <\/span> <span class=\"product-field-display\"> 144 <\/span>kW\/\u00e9v<\/p>\n<\/div>\n<div class=\"product-field product-field-id-61 product-field-futes-kwh-ev product-field-type-S\">\n<p><span class=\"product-fields-title-wrapper\"> <span class=\"product-field-title\">F\u0171t\u00e9s (kWh\/\u00e9v)<\/span> <\/span> <span class=\"product-field-display\"> 735 <\/span>kW\/\u00e9v<\/p>\n<\/div>\n<div class=\"product-field product-field-id-56 product-field-tervezesi-terheles-kw product-field-type-G\"><span class=\"product-fields-title-wrapper\"> <span class=\"product-field-title\">Tervez\u00e9si terhel\u00e9s (kW)<\/span> <\/span><\/div>\n<div class=\"product-field product-field-id-527 product-field-varhato-eves-hutesi-koltseg product-field-type-E\"><span class=\"product-fields-title-wrapper\"> <span class=\"product-field-title\">V\u00e1rhat\u00f3 \u00e9ves h\u0171t\u00e9si k\u00f6lts\u00e9g<\/span> <i class=\"fas fa-info-circle\" title=\"\" data-toggle=\"tooltip\" data-placement=\"top\" data-html=\"true\" data-original-title=\"Az \u00e9ves energiafogyaszt\u00e1s \u00e9s a 2019.01.01-\u00e9n \u00e9rv\u00e9nyes ELM\u0170 lakoss\u00e1gi A1 norm\u00e1l tarifa szorzata. Az aktu\u00e1lis tarifa szolg\u00e1ltat\u00f3nk\u00e9nt \u00e9s kedvezm\u00e9nyi szintenk\u00e9nt elt\u00e9rhet. A t\u00e9nyleges energiafogyaszt\u00e1s f\u00fcgg a k\u00e9sz\u00fcl\u00e9k elhelyez\u00e9s\u00e9t\u0151l \u00e9s haszn\u00e1lat\u00e1nak m\u00f3dj\u00e1t\u00f3l\"><\/i> <\/span> <span class=\"product-field-display\"> 5.407 Ft <\/span><\/div>\n<div class=\"product-field product-field-id-57 product-field-hutes-kw product-field-type-S\">\n<p><span class=\"product-fields-title-wrapper\"> <span class=\"product-field-title\">H\u0171t\u00e9s (kW)<\/span> <\/span> <span class=\"product-field-display\"> 0.8 <\/span>kW<\/p>\n<\/div>\n<div class=\"product-field product-field-id-528 product-field-varhato-eves-futesi-koltseg product-field-type-E\"><span class=\"product-fields-title-wrapper\"> <span class=\"product-field-title\">V\u00e1rhat\u00f3 \u00e9ves f\u0171t\u00e9si k\u00f6lts\u00e9g<\/span> <i class=\"fas fa-info-circle\" title=\"\" data-toggle=\"tooltip\" data-placement=\"top\" data-html=\"true\" data-original-title=\"Az \u00e9ves energiafogyaszt\u00e1s \u00e9s a 2019.01.01-\u00e9n \u00e9rv\u00e9nyes ELM\u0170 lakoss\u00e1gi A1 norm\u00e1l tarifa szorzata. Az aktu\u00e1lis tarifa szolg\u00e1ltat\u00f3nk\u00e9nt \u00e9s kedvezm\u00e9nyi szintenk\u00e9nt elt\u00e9rhet. A t\u00e9nyleges energiafogyaszt\u00e1s f\u00fcgg a k\u00e9sz\u00fcl\u00e9k elhelyez\u00e9s\u00e9t\u0151l \u00e9s haszn\u00e1lat\u00e1nak m\u00f3dj\u00e1t\u00f3l\"><\/i> <\/span> <span class=\"product-field-display\"> 27.599 Ft <\/span><\/div>\n<div class=\"product-field product-field-id-58 product-field-futes-kw product-field-type-S\">\n<p><span class=\"product-fields-title-wrapper\"> <span class=\"product-field-title\">F\u0171t\u00e9s (kW)<\/span> <\/span> <span class=\"product-field-display\"> 0.7 <\/span>kW<\/p>\n<\/div>\n<div class=\"product-field product-field-id-66 product-field-jellemzok product-field-type-G\"><span class=\"product-fields-title-wrapper\"> <span class=\"product-field-title\">Jellemz\u0151k<\/span> <\/span><\/div>\n<div class=\"product-field product-field-id-267 product-field-34-blue-fin-34-bevonatu-hocserelo product-field-type-B\"><span class=\"product-fields-title-wrapper\"> <span class=\"product-field-title\">&#8222;BLUE FIN&#8221;bevonat\u00fa h\u0151cser\u00e9l\u0151<\/span> <\/span> <span class=\"product-field-display\"> Igen <\/span><\/div>\n<div class=\"product-field product-field-id-201 product-field-infra-taviranyito product-field-type-S\"><span class=\"product-fields-title-wrapper\"> <span class=\"product-field-title\">Infra t\u00e1vir\u00e1ny\u00edt\u00f3<\/span> <\/span> <span class=\"product-field-display\"> Igen <\/span><\/div>\n<div class=\"product-field product-field-id-204 product-field-digitalis-kijelzes product-field-type-S\"><span class=\"product-fields-title-wrapper\"> <span class=\"product-field-title\">Digit\u00e1lis kijelz\u00e9s<\/span> <\/span> <span class=\"product-field-display\"> Igen <\/span><\/div>\n<div class=\"product-field product-field-id-206 product-field-kikapcsolhato-kijelzopanel product-field-type-S\"><span class=\"product-fields-title-wrapper\"> <span class=\"product-field-title\">Kikapcsolhat\u00f3 kijelz\u0151panel<\/span> <\/span> <span class=\"product-field-display\"> Igen <\/span><\/div>\n<div class=\"product-field product-field-id-221 product-field-meleg-inditas product-field-type-S\"><span class=\"product-fields-title-wrapper\"> <span class=\"product-field-title\">Meleg ind\u00edt\u00e1s<\/span> <\/span> <span class=\"product-field-display\"> Igen <\/span><\/div>\n<div class=\"product-field product-field-id-223 product-field-follow-me-funkcio product-field-type-S\"><span class=\"product-fields-title-wrapper\"> <span class=\"product-field-title\">&#8222;Follow me&#8221; funkci\u00f3<\/span> <\/span> <span class=\"product-field-display\"> Igen <\/span><\/div>\n<div class=\"product-field product-field-id-224 product-field-8-c-temperalo-futes product-field-type-B\"><span class=\"product-fields-title-wrapper\"> <span class=\"product-field-title\">8\u00b0C temper\u00e1l\u00f3 f\u0171t\u00e9s<\/span> <\/span> <span class=\"product-field-display\"> Igen <\/span><\/div>\n<div class=\"product-field product-field-id-225 product-field-ejszakai-uzemmod product-field-type-S\"><span class=\"product-fields-title-wrapper\"> <span class=\"product-field-title\">\u00c9jszakai \u00fczemm\u00f3d<\/span> <\/span> <span class=\"product-field-display\"> Igen <\/span><\/div>\n<div class=\"product-field product-field-id-226 product-field-paratlanito-uzemmod product-field-type-S\"><span class=\"product-fields-title-wrapper\"> <span class=\"product-field-title\">P\u00e1r\u00e1tlan\u00edt\u00f3 \u00fczemm\u00f3d<\/span> <\/span> <span class=\"product-field-display\"> Igen <\/span><\/div>\n<div class=\"product-field product-field-id-227 product-field-turbo-uzemmod product-field-type-S\"><span class=\"product-fields-title-wrapper\"> <span class=\"product-field-title\">TURB\u00d3 \u00fczemm\u00f3d<\/span> <\/span> <span class=\"product-field-display\"> Igen <\/span><\/div>\n<div class=\"product-field product-field-id-229 product-field-idozites product-field-type-S\"><span class=\"product-fields-title-wrapper\"> <span class=\"product-field-title\">Id\u0151z\u00edt\u00e9s<\/span> <\/span> <span class=\"product-field-display\"> Igen (24 \u00f3ra val\u00f3s idej\u0171) <\/span><\/div>\n<div class=\"product-field product-field-id-231 product-field-negyiranyu-automatikus-legtereles-swing product-field-type-S\"><span class=\"product-fields-title-wrapper\"> <span class=\"product-field-title\">N\u00e9gyir\u00e1ny\u00fa automatikus l\u00e9gterel\u00e9s (Swing)<\/span> <\/span> <span class=\"product-field-display\"> Igen <\/span><\/div>\n<div class=\"product-field product-field-id-232 product-field-automatikus-atvaltas-hutes-futes-kozott product-field-type-S\"><span class=\"product-fields-title-wrapper\"> <span class=\"product-field-title\">Automatikus \u00e1tv\u00e1lt\u00e1s (h\u0171t\u00e9s-f\u0171t\u00e9s k\u00f6z\u00f6tt)<\/span> <\/span> <span class=\"product-field-display\"> Igen <\/span><\/div>\n<div class=\"product-field product-field-id-233 product-field-automatikus-ujraindulas-aramkimaradas-eseten product-field-type-S\"><span class=\"product-fields-title-wrapper\"> <span class=\"product-field-title\">Automatikus \u00fajraindul\u00e1s \u00e1ramkimarad\u00e1s eset\u00e9n<\/span> <\/span> <span class=\"product-field-display\"> Igen <\/span><\/div>\n<div class=\"product-field product-field-id-236 product-field-dc-inverter product-field-type-S\"><span class=\"product-fields-title-wrapper\"> <span class=\"product-field-title\">DC inverter<\/span> <\/span> <span class=\"product-field-display\"> Igen <\/span><\/div>\n<div class=\"product-field product-field-id-238 product-field-energiatakarekos-hutesi-uzemmod product-field-type-B\"><span class=\"product-fields-title-wrapper\"> <span class=\"product-field-title\">Energiatakar\u00e9kos h\u0171t\u00e9si \u00fczemm\u00f3d<\/span> <\/span> <span class=\"product-field-display\"> Igen <\/span><\/div>\n<div class=\"product-field product-field-id-260 product-field-hocserelokiszarito-funkcio product-field-type-B\"><span class=\"product-fields-title-wrapper\"> <span class=\"product-field-title\">H\u0151cser\u00e9l\u0151kisz\u00e1r\u00edt\u00f3 funkci\u00f3<\/span> <\/span> <span class=\"product-field-display\"> Igen <\/span><\/div>\n<div class=\"product-field product-field-id-561 product-field-iready-funkcio product-field-type-S\"><span class=\"product-fields-title-wrapper\"> <span class=\"product-field-title\">iReady funkci\u00f3<\/span> <\/span> <span class=\"product-field-display\"> Igen <\/span><\/div>\n<div class=\"product-field product-field-id-562 product-field-34-simogato-szello-34 product-field-type-S\"><span class=\"product-fields-title-wrapper\"> <span class=\"product-field-title\">&#8222;Simogat\u00f3 szell\u0151&#8221;<\/span> <\/span> <span class=\"product-field-display\"> Igen <\/span><\/div>\n<\/div>\n","protected":false},"excerpt":{"rendered":"<div class=\"product-field product-field-id-13 product-field-hutokozeg-tipusa product-field-type-S\"><span class=\"product-fields-title-wrapper\"> <span class=\"product-field-title\">H\u0171t\u0151k\u00f6zeg t\u00edpusa \u00a0 \u00a0 \u00a0 \u00a0 \u00a0 \u00a0 \u00a0 \u00a0 \u00a0 \u00a0 \u00a0 \u00a0 \u00a0 \u00a0\u00a0<\/span> <i class=\"fas fa-info-circle\" title=\"\" data-toggle=\"tooltip\" data-placement=\"top\" data-html=\"true\" data-original-title=\"A\u00a0h\u0171t\u0151k\u00f6zeg\u00a0olyan anyag, amely valamilyen h\u0171t\u0151g\u00e9pben, kl\u00edmaberendez\u00e9sben lehet\u0151s\u00e9get ad arra, hogy h\u0151t sz\u00e1ll\u00edtsunk alacsony h\u0151m\u00e9rs\u00e9klet\u0171 helyr\u0151l magas h\u0151m\u00e9rs\u00e9klet\u0171 helyre. A k\u00fcl\u00f6nb\u00f6z\u0151 t\u00edpus\u00fa h\u0171t\u0151k\u00f6zegek m\u00e1s-m\u00e1s karakterisztik\u00e1val rendelkeznek. Jelenleg a \"><\/i> <\/span> <span class=\"product-field-display\"> R 32 <\/span><\/div>\n<div class=\"product-field product-field-id-27 product-field-hutesi-energiaosztaly product-field-type-S\"><span class=\"product-fields-title-wrapper\"> <span class=\"product-field-title\">H\u0171t\u00e9si energiaoszt\u00e1ly \u00a0 \u00a0 \u00a0 \u00a0 \u00a0 \u00a0 \u00a0 \u00a0 \u00a0 \u00a0 \u00a0<\/span> <\/span> <span class=\"product-field-display\"> <img decoding=\"async\" src=\"https:\/\/www.fisherklima.hu\/images\/virtuemart\/customfields\/cf27-a++.png\" alt=\"A++\" \/> <\/span><\/div>\n<div class=\"product-field product-field-id-28 product-field-futesi-energiaosztaly product-field-type-S\"><span class=\"product-fields-title-wrapper\"> <span class=\"product-field-title\">F\u0171t\u00e9si energiaoszt\u00e1ly \u00a0 \u00a0 \u00a0 \u00a0 \u00a0 \u00a0 \u00a0 \u00a0 \u00a0 \u00a0 \u00a0\u00a0<\/span> <\/span> <span class=\"product-field-display\"> <img decoding=\"async\" src=\"https:\/\/www.fisherklima.hu\/images\/virtuemart\/customfields\/cf28-a+.png\" alt=\"A+\" \/> <\/span><\/div>\n<div class=\"product-field product-field-id-266 product-field-igenyelheto-kedvezmenyes-tarifa product-field-type-E\"><span class=\"product-fields-title-wrapper\"> <span class=\"product-field-title\">Ig\u00e9nyelhet\u0151 kedvezm\u00e9nyes tarifa<\/span> <\/span><\/div>\n<div class=\"product-field product-field-id-128 product-field-hutoteljesitmeny-kw product-field-type-S\"><span class=\"product-fields-title-wrapper\"> <span class=\"product-field-title\">H\u0171t\u0151teljes\u00edtm\u00e9ny (kW)<\/span> <i class=\"fas fa-info-circle\" title=\"\" data-toggle=\"tooltip\" data-placement=\"top\" data-html=\"true\" data-original-title=\"Az a teljes\u00edtm\u00e9ny, amelyet a k\u00e9sz\u00fcl\u00e9k h\u0171t\u00e9si \u00fczemm\u00f3dban lead. M\u00e9rt\u00e9kegys\u00e9ge kilowatt.\"><\/i> <\/span> <span class=\"product-field-display\"> 2.6 (0.94 &#8211; 3.3) <\/span><\/div>\n<div class=\"product-field product-field-id-129 product-field-futoteljesitmeny-kw product-field-type-S\"><span class=\"product-fields-title-wrapper\"> <span class=\"product-field-title\">F\u0171t\u0151teljes\u00edtm\u00e9ny (kW)<\/span> <i class=\"fas fa-info-circle\" title=\"\" data-toggle=\"tooltip\" data-placement=\"top\" data-html=\"true\" data-original-title=\"Az a teljes\u00edtm\u00e9ny, amelyet a k\u00e9sz\u00fcl\u00e9k f\u0171t\u00e9si \u00fczemm\u00f3dban lead. M\u00e9rt\u00e9kegys\u00e9ge kilowatt.\"><\/i> <\/span> <span class=\"product-field-display\"> 2.63 (0.94 &#8211; 3.36) <\/span><\/div>\n<div class=\"product-field product-field-id-29 product-field-seer product-field-type-S\"><span class=\"product-fields-title-wrapper\"> <span class=\"product-field-title\">SEER<\/span> <i class=\"fas fa-info-circle\" title=\"\" data-toggle=\"tooltip\" data-placement=\"top\" data-html=\"true\" data-original-title=\"Seasonal Energy Efficiency Ratio, szezon\u00e1lis energiahat\u00e9konys\u00e1gi ar\u00e1ny. Azt mutatja meg, hogy \u00e1tlagos haszn\u00e1lat mellett a berendez\u00e9s \u00e1tlagosan egy h\u0171t\u00e9si szezonban (ny\u00e1ron) milyen hat\u00e9konys\u00e1g mellett m\u0171k\u00f6dik. B\u0151vebben itt. (link az oldalon bel\u00fcl egy alold\"><\/i> <\/span> <span class=\"product-field-display\"> 6.3 <\/span><\/div>\n<div class=\"product-field product-field-id-30 product-field-scop product-field-type-S\"><span class=\"product-fields-title-wrapper\"> <span class=\"product-field-title\">SCOP<\/span> <i class=\"fas fa-info-circle\" title=\"\" data-toggle=\"tooltip\" data-placement=\"top\" data-html=\"true\" data-original-title=\"Seasonal Coefficient of Performance, szezon\u00e1lis j\u00f3s\u00e1gfok vagy teljes\u00edtm\u00e9ny t\u00e9nyez\u0151. Azt mutatja meg, hogy \u00e1tlagos haszn\u00e1lat mellett a berendez\u00e9s \u00e1tlagosan egy f\u0171t\u00e9si szezonban (t\u00e9len) milyen hat\u00e9konys\u00e1g mellett m\u0171k\u00f6dik. Az adatok Eur\u00f3p\u00e1n bel\u00fcl elt\u00e9r\u0151k, b\u0151\"><\/i> <\/span> <span class=\"product-field-display\"> 4.0 <\/span><\/div>\n<div class=\"product-field product-field-id-253 product-field-wifi-csatlakozas product-field-type-S\"><span class=\"product-fields-title-wrapper\"> <span class=\"product-field-title\">WIFI csatlakoz\u00e1s<\/span> <\/span> <span class=\"product-field-display\"> Igen <\/span><\/div>\n","protected":false},"featured_media":1246,"comment_status":"open","ping_status":"closed","template":"","meta":[],"product_brand":[],"product_cat":[21],"product_tag":[25],"class_list":{"0":"post-1295","1":"product","2":"type-product","3":"status-publish","4":"has-post-thumbnail","6":"product_cat-klima-fisher","7":"product_tag-fisher","9":"first","10":"instock","11":"featured","12":"shipping-taxable","13":"purchasable","14":"product-type-simple"},"_links":{"self":[{"href":"https:\/\/blueklima.hu\/index.php?rest_route=\/wp\/v2\/product\/1295","targetHints":{"allow":["GET"]}}],"collection":[{"href":"https:\/\/blueklima.hu\/index.php?rest_route=\/wp\/v2\/product"}],"about":[{"href":"https:\/\/blueklima.hu\/index.php?rest_route=\/wp\/v2\/types\/product"}],"replies":[{"embeddable":true,"href":"https:\/\/blueklima.hu\/index.php?rest_route=%2Fwp%2Fv2%2Fcomments&post=1295"}],"wp:featuredmedia":[{"embeddable":true,"href":"https:\/\/blueklima.hu\/index.php?rest_route=\/wp\/v2\/media\/1246"}],"wp:attachment":[{"href":"https:\/\/blueklima.hu\/index.php?rest_route=%2Fwp%2Fv2%2Fmedia&parent=1295"}],"wp:term":[{"taxonomy":"product_brand","embeddable":true,"href":"https:\/\/blueklima.hu\/index.php?rest_route=%2Fwp%2Fv2%2Fproduct_brand&post=1295"},{"taxonomy":"product_cat","embeddable":true,"href":"https:\/\/blueklima.hu\/index.php?rest_route=%2Fwp%2Fv2%2Fproduct_cat&post=1295"},{"taxonomy":"product_tag","embeddable":true,"href":"https:\/\/blueklima.hu\/index.php?rest_route=%2Fwp%2Fv2%2Fproduct_tag&post=1295"}],"curies":[{"name":"wp","href":"https:\/\/api.w.org\/{rel}","templated":true}]}}